)/28.
18
Let m(k) = 4*k - 122. Calculate the remainder when 285 is divided by m(35).
15
Suppose 0*y + 60 = 4*y. Calculate the remainder when 83 is divided by ((-24)/y)/((-14)/105).
11
Let n(h) = -h**2 - 6*h + 6. Let v be n(-6). Calculate the remainder when (2/v)/((-5)/15)*-53 is divided by 5.
3
Suppose 0 = 3*j - 3*a - 18, -8 = -4*j - a - 4. What is the remainder when 5 is divided by j?
1
Let u(g) = -10*g - 13. Let y = 3 - 13. What is the remainder when u(y) is divided by 22?
21
Suppose 4*w = -15*h + 10*h + 289, 127 = 2*w - h. Let y(r) = 24*r**2 + 2*r + 1. What is the remainder when w is divided by y(-1)?
20
Let j(z) = -14*z + 12. What is the remainder when 86 is divided by j(0)?
2
Suppose -10*x + 474 + 126 = 0. Suppose -x = 17*i - 22*i. Calculate the remainder when 105 is divided by i.
9
Suppose 2*g - 214 = 4*s, 0 = -3*s - 2 - 1. Let f = 112 - g. What is the remainder when 102 is divided by f?
4
Let w(s) = s**3 + s**2 + 70. What is the remainder when w(0) is divided by 38?
32
Suppose 6*t - 12 = -0*t. Suppose 0*q - 22 = -t*q. Suppose -28 = -x - d, -x + 25 + 1 = 3*d. What is the remainder when x is divided by q?
7
Suppose -2*y = 4*p - 64, 0 = -4*y - 3*p + 53 + 85. Let r(t) = -t**2 + t + 53. Let o be r(0). Let v = o - y. Calculate the remainder when 64 is divided by v.
13
Suppose -48*m = -65*m + 1173. Calculate the remainder when m is divided by 0/(-1) + 2 + 19.
6
Let s(j) = 36*j**3 - 3*j + 2. What is the remainder when s(1) is divided by 19?
16
Suppose 5*i + 5*j = -5, -3*j - 2 = -17. Let z = i - -38. Let l = 29 - 18. Calculate the remainder when z is divided by l.
10
Let a be 8 + ((-6)/4)/((-12)/(-32)). What is the remainder when 17 is divided by 7/(7/2) + a?
5
Let n(r) = r**2 - 100*r - 1088. What is the remainder when (-2)/(-3) + (-97)/(-3) is divided by n(-10)?
9
Let u(d) = -4*d - 8. Let b(q) = q + 3. Let k(s) = 16*b(s) + 5*u(s). Calculate the remainder when 71 is divided by k(-4).
23
Suppose z - 113 = -3*d, d - 5*z = 5*d - 158. Calculate the remainder when 71 is divided by d.
34
Suppose 4*g = -3*o - 104, 2*g + 164 = -0*o - 5*o. Let c = 42 + o. Suppose f - 3*f = -156. What is the remainder when f is divided by c?
8
Suppose 0*a = -a. Suppose -21 = -3*y - v, 0*y - 46 = -5*y + 2*v. Suppose a = 4*s + y - 128. Calculate the remainder when s is divided by 11.
8
Suppose -3*v = 3*t - 66, -2*t + 5 = 13. Let n = v - 5. What is the remainder when 35 is divided by n?
14
Let l(t) = -5*t + 60*t**3 + 31 - 59*t**3 + 23*t**2 + 27*t. What is the remainder when 153 is divided by l(-22)?
29
Let m = 50 + -45. Let c(q) = 5*q - 3. What is the remainder when c(4) is divided by 1 + ((-5)/m)/(1/(-10))?
6
Suppose 5*w - 506 = -4*q, 0 = -w + 3*w + 5*q - 216. Suppose 5*f - 52*p - 53 = -53*p, 0 = 2*f + 3*p - 29. Calculate the remainder when w is divided by f.
8
Let i be (11/3)/(3 + 40/(-12)). Let f = i + 27. Suppose 5*m = 4*c - 229, 296 = 5*c - 0*c - 3*m. Calculate the remainder when c is divided by f.
13
Suppose -p - 1 = -2*p. Let l(r) = -58*r**2 - 60*r**2 + 1 + 132*r**2 + r. Calculate the remainder when 47 is divided by l(p).
15
Let l = -128 + 217. What is the remainder when l is divided by 7?
5
Let l(m) = 3*m**2 + m - 7. What is the remainder when l(5) is divided by 26?
21
Let m = -60 - -95. Let p = m - 33. What is the remainder when 0 + -1 - (-68)/p is divided by 7?
5
Suppose 13 = c - 5*y, 0 = -5*y - 4 - 6. What is the remainder when 116 is divided by c?
2
Suppose 0*q - 3*q = -u - 165, -5*q - 2*u = -286. Let z(b) = -1 - 11*b**2 + 29*b**2 + b - 3*b. Calculate the remainder when q is divided by z(-1).
18
Suppose 9 = 3*g - 4*g. Let k = -8 - g. Let f(q) = 41*q - 1. Calculate the remainder when f(k) is divided by 21.
19
Let j = 82 + -117. Let d be ((-270)/(-4))/(-5) + (-5)/(-10). Let t = d - j. Calculate the remainder when t is divided by 8.
6
Calculate the remainder when (7 - (5 + -78)) + -1 is divided by 9.
7
Let x = 13 - 10. Suppose -2*q + 2 = -6. Calculate the remainder when q is divided by x.
1
Suppose -12*m + 1153 = 421. What is the remainder when m is divided by 25?
11
Suppose 5*a = -6*k + k + 10, -a - 28 = -5*k. Let l = -14 - -7. Let x = k - l. What is the remainder when 45 is divided by x?
9
Let i(v) = v**3 + 11*v**2 + v + 15. What is the remainder when i(-10) is divided by 24?
9
Let q(b) = -2*b + 21. Let r be q(-17). Suppose -5*u - 2*c = -40, 5*u = 5*c + 20 + r. Calculate the remainder when u is divided by 4.
2
Suppose 152*j = 140*j + 468. What is the remainder when j is divided by 23?
16
What is the remainder when 61 is divided by 2*(273/14 + -1)?
24
Suppose -4*w + 12 = -76. Suppose 0 = -2*u - 0 + w. What is the remainder when 18 is divided by u?
7
Let f(m) = -3*m**3 - 2*m**2 + 3*m + 5. What is the remainder when 73 is divided by f(-2)?
13
Suppose -6 = 4*o - 46. Suppose -3*w + 8*w = -o, -4*w - 43 = -5*l. Suppose -4*s - 6 = -50. What is the remainder when s is divided by l?
4
Suppose 3*l - 123 = 534. Calculate the remainder when l is divided by 55.
54
Suppose 47 = y + 3*d, -8*y = -7*y - 2*d - 27. What is the remainder when 802 is divided by y?
32
Let m = -21 - -24. Calculate the remainder when (4/(-1) + m)*-26 is divided by 14.
12
Suppose -6*s = -2*s - 40. Let v(i) = -i + 34. Calculate the remainder when 143 is divided by v(s).
23
Let o(a) = -35*a + 2. Let p(j) = -j**2 - 12*j - 10. Suppose 0 = 5*g + 53 - 28. Calculate the remainder when o(-2) is divided by p(g).
22
What is the remainder when 7/98*-178*-7 is divided by 31?
27
Let v = -950 - -1350. What is the remainder when v is divided by 31?
28
Let n be (0 + 1)*(8 + -6). Suppose z - r = 6*z + n, -5*z - 20 = -5*r. Calculate the remainder when z*(1 + 2 - 24) is divided by 12.
9
Let y(g) = 3*g + 12. Suppose -7*o - 39 - 17 = 0. Let p be y(o). Calculate the remainder when (2 - p/(-3)) + 6 is divided by 4.
0
Calculate the remainder when 8/40 - 1048/(-10) is divided by 58.
47
What is the remainder when (-478)/((-3)/(-3))*(-1)/2 is divided by 48?
47
Suppose z - 154 = -4*o - o, 0 = 3*z - 3*o - 372. Calculate the remainder when z is divided by 61.
7
Let p be 6/(-21) + (-558)/(-42). Suppose -3*y = p - 34. What is the remainder when 22 is divided by y?
1
Suppose -11*t + 97*t - 2064 = 0. What is the remainder when 212 is divided by t?
20
Let b(x) = 60*x**2 - x. Let v be b(1). Suppose -4*f = -v - 21. What is the remainder when 5600/(-40)*4/(-10) is divided by f?
16
Suppose 3*f = -4*i + 27, -3*i = -3*f - i + 27. Let b = f - 6. Suppose 50 = 3*o - 4*q - 0*q, -b*o - 2*q = -74. What is the remainder when 42 is divided by o?
20
Suppose -3*m = -4*m. Suppose m = -6*i - 21 + 129. What is the remainder when 179 is divided by i?
17
Let w be 4/12 - (-2)/(-6). Suppose w = -24*h + 25*h - 22. Calculate the remainder when 84 is divided by h.
18
Suppose 6*q = q + 5*v - 5, -4*v = -8. Calculate the remainder when 9*-1*6/(-18) is divided by ((-12)/(-2))/(q + 1 - 0).
0
Let a(f) = 7*f**2 + 2*f + 2. Let v be a(-2). Let u(g) = -g**2 - g - 4. Let s be u(0). Let y = s + v. Calculate the remainder when 63 is divided by y.
19
Suppose -2*g + 3*g = 4*b - 9, 36 = g + 5*b. Suppose -2*x - g*f = -13*f - 76, 0 = -4*x + 3*f + 149. What is the remainder when x is divided by 18?
17
Let k(f) = -16*f - 67. What is the remainder when 22 is divided by k(-5)?
9
Suppose 2188 + 410 = 2*d. Calculate the remainder when d is divided by 31.
28
Suppose 7 - 43 = -r. Suppose n + 3*s - 10 = 2, 2*n - s - 52 = 0. Let p = 37 - n. Calculate the remainder when r is divided by p.
10
Suppose -7*z = 16 - 205. What is the remainder when 294 is divided by z?
24
Let n(t) = 5*t**2 + 9*t - 23. Let c be n(7). Let p = -198 + c. Calculate the remainder when p is divided by 22.
21
Suppose 5*q + 0*q - 4*l = 447, -4*q + 363 = -5*l. Suppose -4*n + 3*n = -18. Calculate the remainder when q is divided by n.
15
Let v = 85 + -72. What is the remainder when 155 is divided by v?
12
What is the remainder when (1972/(-85))/(14/(-105)) is divided by 2?
0
Let r = -431 + 438. What is the remainder when 17 is divided by r?
3
Suppose 4*u - 8*u = -48. Suppose z - 7 = -c - 27, -z - 44 = 2*c. Let x = c - -69. What is the remainder when x is divided by u?
9
Suppose 5*m - 82 = 4*c, m - 49 + 20 = 5*c. Calculate the remainder when 669 is divided by m.
11
Let u(o) = -o - 7. Let l be u(5). Suppose 0 = 2*y - 24 - 12.